{"id":514,"date":"2026-02-22T07:25:17","date_gmt":"2026-02-22T07:25:17","guid":{"rendered":"https:\/\/song1.de\/?page_id=514"},"modified":"2026-03-05T09:09:41","modified_gmt":"2026-03-05T09:09:41","slug":"impressum","status":"publish","type":"page","link":"https:\/\/song1.de\/index.php\/impressum\/","title":{"rendered":"Impressum"},"content":{"rendered":"<h1 data-start=\"424\" data-end=\"437\">Impressum<\/h1>\n<h2 data-start=\"438\" data-end=\"515\">Anbieterkennzeichnung gem\u00e4\u00df \u00a7 5 TMG und Art. 24 Digital Services Act (DSA)<\/h2>\n<p data-start=\"517\" data-end=\"558\">Angaben gem\u00e4\u00df \u00a7 5 Telemediengesetz (TMG):<\/p>\n<p data-start=\"560\" data-end=\"651\"><strong data-start=\"560\" data-end=\"585\">Wolter-Rousseaux GmbH<\/strong><br data-start=\"585\" data-end=\"588\" \/>Song1.de<br data-start=\"596\" data-end=\"599\" \/>Gutenbergring 41<br data-start=\"615\" data-end=\"618\" \/>22848 Norderstedt<br data-start=\"635\" data-end=\"638\" \/>Deutschland<\/p>\n<p data-start=\"653\" data-end=\"717\">Vertreten durch den Gesch\u00e4ftsf\u00fchrer:<br data-start=\"689\" data-end=\"692\" \/><strong data-start=\"692\" data-end=\"717\">Sven Wolter-Rousseaux<\/strong><\/p>\n<hr data-start=\"719\" data-end=\"722\" \/>\n<h2 data-start=\"724\" data-end=\"734\">Kontakt<\/h2>\n<p data-start=\"736\" data-end=\"814\">Telefon: +49 (0)40 64 666 1600<br data-start=\"766\" data-end=\"769\" \/>E-Mail: <a class=\"decorated-link cursor-pointer\" rel=\"noopener\" data-start=\"777\" data-end=\"790\">info@song1.de<\/a><br data-start=\"790\" data-end=\"793\" \/>Website: <a class=\"decorated-link\" href=\"http:\/\/www.song1.de\" target=\"_new\" rel=\"noopener\" data-start=\"802\" data-end=\"814\">www.song1.de<\/a><\/p>\n<hr data-start=\"816\" data-end=\"819\" \/>\n<h2 data-start=\"821\" data-end=\"898\">Verantwortlich f\u00fcr journalistisch-redaktionelle Inhalte (\u00a7 18 Abs. 2 MStV)<\/h2>\n<p data-start=\"900\" data-end=\"984\">Sven Wolter-Rousseaux<br data-start=\"921\" data-end=\"924\" \/>Wolter-Rousseaux GmbH<br data-start=\"945\" data-end=\"948\" \/>Gutenbergring 41<br data-start=\"964\" data-end=\"967\" \/>22848 Norderstedt<\/p>\n<hr data-start=\"986\" data-end=\"989\" \/>\n<h2 data-start=\"991\" data-end=\"1040\">Kontaktstelle gem\u00e4\u00df Digital Services Act (DSA)<\/h2>\n<p data-start=\"1042\" data-end=\"1198\">Gem\u00e4\u00df Art. 11 und Art. 12 des <strong data-start=\"1072\" data-end=\"1122\">Digital Services Act (EU-Verordnung 2022\/2065)<\/strong> stellt Song1.de eine zentrale Kontaktstelle f\u00fcr Beh\u00f6rden und Nutzer bereit.<\/p>\n<p data-start=\"1200\" data-end=\"1292\">Anfragen von Beh\u00f6rden sowie Meldungen \u00fcber rechtswidrige Inhalte k\u00f6nnen gerichtet werden an:<\/p>\n<p data-start=\"1294\" data-end=\"1319\">E-Mail: <strong data-start=\"1302\" data-end=\"1319\"><a class=\"decorated-link cursor-pointer\" rel=\"noopener\" data-start=\"1304\" data-end=\"1317\">info@song1.de<\/a><\/strong><\/p>\n<p data-start=\"1321\" data-end=\"1366\">Kommunikationssprache: Deutsch oder Englisch.<\/p>\n<hr data-start=\"1368\" data-end=\"1371\" \/>\n<h2 data-start=\"1373\" data-end=\"1395\">Haftung f\u00fcr Inhalte<\/h2>\n<p data-start=\"1397\" data-end=\"1528\">Als Diensteanbieter sind wir gem\u00e4\u00df \u00a7 7 Abs.1 TMG f\u00fcr eigene Inhalte auf diesen Seiten nach den allgemeinen Gesetzen verantwortlich.<\/p>\n<p data-start=\"1530\" data-end=\"1759\">Nach \u00a7\u00a7 8 bis 10 TMG sind wir als Diensteanbieter jedoch nicht verpflichtet, \u00fcbermittelte oder gespeicherte fremde Informationen zu \u00fcberwachen oder aktiv nach Umst\u00e4nden zu forschen, die auf eine rechtswidrige T\u00e4tigkeit hinweisen.<\/p>\n<p data-start=\"1761\" data-end=\"1892\">Verpflichtungen zur Entfernung oder Sperrung der Nutzung von Informationen nach den allgemeinen Gesetzen bleiben hiervon unber\u00fchrt.<\/p>\n<p data-start=\"1894\" data-end=\"2091\">Eine Haftung ist jedoch erst ab dem Zeitpunkt der Kenntnis einer konkreten Rechtsverletzung m\u00f6glich. Bei Bekanntwerden entsprechender Rechtsverletzungen werden wir diese Inhalte umgehend entfernen.<\/p>\n<hr data-start=\"2093\" data-end=\"2096\" \/>\n<h2 data-start=\"2098\" data-end=\"2118\">Haftung f\u00fcr Links<\/h2>\n<p data-start=\"2120\" data-end=\"2192\">Unser Angebot enth\u00e4lt m\u00f6glicherweise Links zu externen Websites Dritter.<\/p>\n<p data-start=\"2194\" data-end=\"2329\">Auf die Inhalte dieser Websites haben wir keinen Einfluss.<br data-start=\"2252\" data-end=\"2255\" \/>Deshalb k\u00f6nnen wir f\u00fcr diese fremden Inhalte auch keine Gew\u00e4hr \u00fcbernehmen.<\/p>\n<p data-start=\"2331\" data-end=\"2443\">F\u00fcr die Inhalte der verlinkten Seiten ist stets der jeweilige Anbieter oder Betreiber der Seiten verantwortlich.<\/p>\n<hr data-start=\"2445\" data-end=\"2448\" \/>\n<h2 data-start=\"2450\" data-end=\"2465\">Urheberrecht<\/h2>\n<p data-start=\"2467\" data-end=\"2584\">Die durch die Seitenbetreiber erstellten Inhalte und Werke auf dieser Website unterliegen dem deutschen Urheberrecht.<\/p>\n<p data-start=\"2586\" data-end=\"2634\">Beitr\u00e4ge Dritter sind als solche gekennzeichnet.<\/p>\n<p data-start=\"2636\" data-end=\"2827\">Die Vervielf\u00e4ltigung, Bearbeitung, Verbreitung und jede Art der Verwertung au\u00dferhalb der Grenzen des Urheberrechts bed\u00fcrfen der schriftlichen Zustimmung des jeweiligen Autors bzw. Erstellers.<\/p>\n<p>Hier geht es zu den Datenschutzbestimmungen <a href=\"https:\/\/song1.de\/index.php\/datenschutzbestimmungen\/\">&#8211;&gt; Hier klicken<\/a><\/p>\n<p>Hier geht es zu den AGB \/ Lizenzbedingungen <a href=\"https:\/\/song1.de\/index.php\/privacy-policy\/\">&#8211;&gt; Hier klicken<\/a><\/p>\n","protected":false},"excerpt":{"rendered":"<div class=\"mh-excerpt\">Impressum Anbieterkennzeichnung gem\u00e4\u00df \u00a7 5 TMG und Art. 24 Digital Services Act (DSA) Angaben gem\u00e4\u00df \u00a7 5 Telemediengesetz (TMG): Wolter-Rousseaux GmbHSong1.deGutenbergring 4122848 NorderstedtDeutschland Vertreten durch den Gesch\u00e4ftsf\u00fchrer:Sven Wolter-Rousseaux Kontakt Telefon: +49 (0)40 64 666 1600E-Mail: <a class=\"mh-excerpt-more\" href=\"https:\/\/song1.de\/index.php\/impressum\/\" title=\"Impressum\">[&#8230;]<\/a><\/div>\n","protected":false},"author":1,"featured_media":0,"parent":0,"menu_order":0,"comment_status":"closed","ping_status":"closed","template":"","meta":{"footnotes":""},"class_list":["post-514","page","type-page","status-publish"],"_links":{"self":[{"href":"https:\/\/song1.de\/index.php\/wp-json\/wp\/v2\/pages\/514","targetHints":{"allow":["GET"]}}],"collection":[{"href":"https:\/\/song1.de\/index.php\/wp-json\/wp\/v2\/pages"}],"about":[{"href":"https:\/\/song1.de\/index.php\/wp-json\/wp\/v2\/types\/page"}],"author":[{"embeddable":true,"href":"https:\/\/song1.de\/index.php\/wp-json\/wp\/v2\/users\/1"}],"replies":[{"embeddable":true,"href":"https:\/\/song1.de\/index.php\/wp-json\/wp\/v2\/comments?post=514"}],"version-history":[{"count":4,"href":"https:\/\/song1.de\/index.php\/wp-json\/wp\/v2\/pages\/514\/revisions"}],"predecessor-version":[{"id":2104,"href":"https:\/\/song1.de\/index.php\/wp-json\/wp\/v2\/pages\/514\/revisions\/2104"}],"wp:attachment":[{"href":"https:\/\/song1.de\/index.php\/wp-json\/wp\/v2\/media?parent=514"}],"curies":[{"name":"wp","href":"https:\/\/api.w.org\/{rel}","templated":true}]}}